{"id":22,"date":"2017-07-26T12:35:00","date_gmt":"2017-07-26T10:35:00","guid":{"rendered":"http:\/\/plumexpress.fr\/?page_id=22"},"modified":"2025-09-11T13:57:26","modified_gmt":"2025-09-11T11:57:26","slug":"tarifs","status":"publish","type":"page","link":"http:\/\/plumexpress.fr\/?page_id=22","title":{"rendered":"Tarifs"},"content":{"rendered":"<p><img loading=\"lazy\" decoding=\"async\" class=\"size-medium wp-image-64 alignright\" src=\"http:\/\/plumexpress.fr\/wp-content\/uploads\/2017\/07\/tarif-300x200.jpg\" alt=\"\" width=\"300\" height=\"200\" srcset=\"http:\/\/plumexpress.fr\/wp-content\/uploads\/2017\/07\/tarif-300x200.jpg 300w, http:\/\/plumexpress.fr\/wp-content\/uploads\/2017\/07\/tarif.jpg 640w\" sizes=\"auto, (max-width: 300px) 100vw, 300px\" \/><\/p>\n<p><strong>TARIFS SECRETARIAT, ECRIVAIN PUBLIC<\/strong><\/p>\n<p><strong><em>Vous avez le choix entre des forfaits ou des tarifs \u00e0 la carte.<\/em><\/strong><\/p>\n<p>Pour les forfaits il s\u2019agit d\u2019un nombre d\u2019heures \u00e0 effectuer par mois.<\/p>\n<ul>\n<li><a href=\"http:\/\/plumexpress.fr\/wp-content\/uploads\/2024\/12\/FORFAITS-AU-MOIS-2025.pdf\">FORFAITS SECRETARIAT<\/a><\/li>\n<li><a href=\"http:\/\/plumexpress.fr\/wp-content\/uploads\/2023\/09\/TARIF-A-LA-TACHE-secretaire-1.pdf\">TARIFS SECRETARIAT<\/a><\/li>\n<li><span style=\"color: #33cccc;\"><a href=\"http:\/\/plumexpress.fr\/wp-content\/uploads\/2023\/09\/TARIF-A-LA-TACHE-ecrivain-public-1-1.pdf\">TARIFS ECRIVAIN PUBLIC<\/a><\/span><\/li>\n<\/ul>\n<p style=\"text-align: left;\"><em><strong>En cas de d\u00e9placement sur site, 5 euros vous seront factur\u00e9s en plus \u00e0 chaque d\u00e9placement.<\/strong><\/em><\/p>\n<p style=\"text-align: center;\">Les tarifs et les forfaits sont donn\u00e9s \u00e0 titre indicatif. Toutes les prestations font l&rsquo;objet d&rsquo;un devis personnalis\u00e9 et gratuit.<\/p>\n<p style=\"text-align: center;\"><em>Je ne suis pas assujettie \u00e0 la TVA (article 293B du CGI).<\/em><\/p>\n<p>&nbsp;<\/p>\n<p>&nbsp;<\/p>\n<p><strong>TARIF TRICOT <img loading=\"lazy\" decoding=\"async\" class=\"wp-image-64 alignright\" src=\"http:\/\/plumexpress.fr\/wp-content\/uploads\/2017\/07\/tarif-150x150.jpg\" alt=\"\" width=\"277\" height=\"277\" srcset=\"http:\/\/plumexpress.fr\/wp-content\/uploads\/2017\/07\/tarif-150x150.jpg 150w, http:\/\/plumexpress.fr\/wp-content\/uploads\/2017\/07\/tarif-100x100.jpg 100w\" sizes=\"auto, (max-width: 277px) 100vw, 277px\" \/><\/strong><\/p>\n<p>Tarif selon le type de laine et\/ou un accessoire.<\/p>\n<p><strong>Laine essentiellement de la marque PINGOUIN.<\/strong><\/p>\n<p>\u00a0Broche en perles de rocaille.<\/p>\n<p><strong>BONNET : <\/strong><\/p>\n<p>simple de 15\u20ac \u00e0 17\u20ac<\/p>\n<p>avec pompon de 17\u20ac \u00e0 19\u20ac<\/p>\n<p>avec une broche de 20\u20ac \u00e0 22\u20ac<\/p>\n<p>avec une broche et un pompon de 22 \u20ac \u00e0 24\u20ac<\/p>\n<p><strong>SNOOD : <\/strong><\/p>\n<p>simple de 10\u20ac \u00e0 15\u20ac<\/p>\n<p>avec une broche et un bouton de 15\u20ac \u00e0 20\u20ac<\/p>\n<p><strong>BANDEAU : <\/strong><\/p>\n<p>simple 10\u20ac<\/p>\n<p>avec une broche et un bouton : 15\u20ac<\/p>\n<p><strong>MITAINES<\/strong><\/p>\n<p>simple de 15\u20ac \u00e0 17\u20ac<\/p>\n<p>avec un bouton ou une attache en cuir de 17\u20ac \u00e0 20\u20ac<\/p>\n<p style=\"text-align: center;\"><em>Je\u00a0ne suis pas assujettie \u00e0 la TVA (article 293B du CGI).<\/em><\/p>\n\n\n<p><\/p>\n","protected":false},"excerpt":{"rendered":"<p>TARIFS SECRETARIAT, ECRIVAIN PUBLIC Vous avez le choix entre des forfaits ou des tarifs \u00e0 la carte. Pour les forfaits il s\u2019agit d\u2019un nombre d\u2019heures \u00e0 effectuer par mois. FORFAITS SECRETARIAT TARIFS SECRETARIAT TARIFS ECRIVAIN PUBLIC En cas de d\u00e9placement sur site, 5 euros vous seront factur\u00e9s en plus \u00e0 chaque d\u00e9placement. Les tarifs et &hellip; <\/p>\n<p class=\"link-more\"><a href=\"http:\/\/plumexpress.fr\/?page_id=22\" class=\"more-link\">Continuer la lecture<span class=\"screen-reader-text\"> de &laquo;&nbsp;Tarifs&nbsp;&raquo;<\/span><\/a><\/p>\n","protected":false},"author":1,"featured_media":0,"parent":0,"menu_order":0,"comment_status":"closed","ping_status":"closed","template":"","meta":{"footnotes":""},"class_list":["post-22","page","type-page","status-publish","hentry"],"_links":{"self":[{"href":"http:\/\/plumexpress.fr\/index.php?rest_route=\/wp\/v2\/pages\/22","targetHints":{"allow":["GET"]}}],"collection":[{"href":"http:\/\/plumexpress.fr\/index.php?rest_route=\/wp\/v2\/pages"}],"about":[{"href":"http:\/\/plumexpress.fr\/index.php?rest_route=\/wp\/v2\/types\/page"}],"author":[{"embeddable":true,"href":"http:\/\/plumexpress.fr\/index.php?rest_route=\/wp\/v2\/users\/1"}],"replies":[{"embeddable":true,"href":"http:\/\/plumexpress.fr\/index.php?rest_route=%2Fwp%2Fv2%2Fcomments&post=22"}],"version-history":[{"count":30,"href":"http:\/\/plumexpress.fr\/index.php?rest_route=\/wp\/v2\/pages\/22\/revisions"}],"predecessor-version":[{"id":538,"href":"http:\/\/plumexpress.fr\/index.php?rest_route=\/wp\/v2\/pages\/22\/revisions\/538"}],"wp:attachment":[{"href":"http:\/\/plumexpress.fr\/index.php?rest_route=%2Fwp%2Fv2%2Fmedia&parent=22"}],"curies":[{"name":"wp","href":"https:\/\/api.w.org\/{rel}","templated":true}]}}